ber?
True
Let k(a) = -a**2 + 27*a - 3. Let w(n) = -1. Let s(p) = -k(p) - 5*w(p). Let h be s(26). Is (204/h)/((-2)/87) composite?
True
Suppose 267 = -5*s + 1742. Let l = s + 192. Is l prime?
True
Let p = -428 + 435. Let s(t) = 839*t + 26. Is s(p) composite?
True
Let d = -2640 + 1410. Let z = 2371 + d. Is z prime?
False
Let h(l) = 7350*l + 311. Is h(26) composite?
True
Suppose 5*l + 0*l + 4*n = 2880747, 0 = -3*l - 8*n + 1728437. Is l composite?
False
Suppose 5*f = s - 0*s + 2686, -3*f = 5*s - 1634. Let o = f + -765. Let c = 170 - o. Is c composite?
False
Suppose 33 = 11*i + 187. Let o be (-3262)/i + (-1 - -6). Suppose -8*s - 30 = -o. Is s a composite number?
True
Let u(n) = 2*n**3 - 18*n**2 - 22*n + 70. Let s(l) = -5*l**3 + 55*l**2 + 67*l - 211. Let w(g) = -3*s(g) - 8*u(g). Is w(-23) a prime number?
False
Let q = 1331908 + 728985. Is q composite?
True
Let m(q) = 41*q**3 - 6*q**2 - 23*q + 31. Is m(9) a composite number?
True
Is 11/4 + -4 + 4165092/16 a composite number?
False
Suppose -2*w + 7075 = -3*s, -5*s + 1045 = w - 2512. Let c = 20823 - w. Is c a composite number?
True
Let q(l) = l**2 + 7*l - 14. Let w be q(-5). Let m = w + 14. Is (-11206)/m + (-22)/(-55) a prime number?
False
Let s(y) be the third derivative of -23*y**4/24 - 79*y**3/6 + 3*y**2. Let f(z) = -11*z - 40. Let l(n) = -5*f(n) + 3*s(n). Is l(-24) a prime number?
False
Let w(m) = -m - 3. Let t be w(-4). Let g be (-11)/165*-20*9/2. Is t*3 - ((-168)/4 - g) prime?
False
Let p(f) = -f**3 + 19*f**2 + 13*f - 2. Let j(h) be the first derivative of -h**2 + 17*h - 31. Let x be j(0). Is p(x) composite?
False
Let a be -4 + ((-6)/2)/(-3). Let t(s) = 23*s**2 + 8*s + 8. Is t(a) a composite number?
False
Suppose 512*f - 4*p = 513*f - 73555, 4*p - 12 = 0. Is f prime?
False
Suppose 288*k + 68852 = 316*k. Is k a composite number?
False
Let o(k) = 3 + 13 + 1 + 11 + 8*k + 51*k**2 + 3. Is o(24) prime?
True
Suppose 0 = -z - 2*z + 3, -5*m + 5*z = -64130. Is m prime?
False
Let p = -24379 - 16536. Let j = -17600 - p. Suppose -j = -12*s - 6551. Is s composite?
True
Let k be ((-7821)/(-1))/(1/2). Suppose k = 2*r - f, 10*r - 9*r = 3*f + 7811. Is r prime?
True
Suppose -2*q = 2*q - 12. Let d be (4 + -4 + -2)/(-1). Suppose -q*n - d*g = -871, 0*n + 3*n - 891 = 3*g. Is n prime?
True
Let d be 2 - ((-281880)/(-3))/(-5). Let h = d + -11511. Is h prime?
True
Let h be 0*1/(-8)*1. Suppose 101*u - 121*u + 20780 = h. Is u composite?
False
Let g(r) = -28861*r + 202. Is g(-1) composite?
False
Let i be (-1)/5 - (6/(-15))/2. Let v be (16 - 18)*(7638/(-4) - i). Suppose -g + 33 - v = -j, -3*j = 4*g - 11365. Is j a composite number?
True
Suppose -207*d + 8891034 = -4923525. Is d a composite number?
True
Suppose l = 2748 - 131. Suppose r = -l - 896. Is r/(-12) - (-3)/(14 - 2) composite?
False
Suppose -2*r = -3*r + 7. Let c(f) = 987*f + 58. Let w be c(11). Suppose -2*z = -r*z + w. Is z composite?
True
Let a(b) = 8*b**2 - 6*b - 21. Let g be 0 - ((-38)/4 + 1/2). Is a(g) a composite number?
True
Let u = -165715 + 77805. Let q be u/(-30) + (-1)/3. Suppose -5*s - q = -7*s. Is s a composite number?
True
Is (8/((-448)/(-38878)))/((-3)/(-3012)) prime?
False
Let o = 30633 + 26570. Is o a prime number?
True
Let c = -4666 + 2678. Is ((-174)/8)/(21/c) a composite number?
True
Let c(y) = -13*y**3 + 6*y**2 - 17*y + 15. Let q(u) = u**3 - 1. Let x(r) = c(r) - 5*q(r). Is x(-7) a composite number?
False
Suppose 2*s - 399169 = z, 3*s - 29*z = -33*z + 598737. Is s a prime number?
True
Let z = -198998 - -279003. Is z a composite number?
True
Let b be (-12)/8*4*-2. Suppose -2*v = -4*h - 6, -2*h = -3*h + 4*v - b. Suppose 10*s - 3*s - 1015 = h. Is s a prime number?
False
Let m = 896179 - 84116. Is m a prime number?
False
Suppose 2*k + 0 = 6. Let s(q) = -q**3 + 53*q**2 + q - 53. Let w be s(53). Suppose -k*c - 4*b + 761 = w, -3*b + 502 = 2*c + b. Is c a composite number?
True
Let u(k) = -k - 5. Let h be u(-1). Is (24/(-9))/h - 84705/(-45) a composite number?
True
Suppose 3*q = 5*j + 5*q, 35 = 5*j - 5*q. Suppose 3*l = 3*u + j*u, -5*l - 3*u = 0. Let m(x) = -2*x**3 - x**2 + x + 1249. Is m(l) prime?
True
Let k(r) = -14*r**3 - 68*r**2 - 45*r - 184. Let f(j) = -3*j**3 - 17*j**2 - 11*j - 46. Let m(i) = 9*f(i) - 2*k(i). Is m(20) a composite number?
True
Let x(c) = 98*c - 1. Suppose 5*j = -2*g + 32, 0*g - 4*g - 14 = -3*j. Suppose 2*b - b = j. Is x(b) a prime number?
True
Let s(x) = x**3 + 34*x**2 + 3*x + 92. Let w be s(-34). Is (1*-1)/(w + (-205545)/(-20555)) a composite number?
False
Suppose 10*n - 115999 = 93931. Suppose -26*m + 27*m = n. Is m a composite number?
True
Suppose -776*i = -773*i - 3065703. Is i prime?
False
Let m = 430363 + -202094. Is m prime?
False
Suppose c - 4803 - 2557 = 2*o, -3680 = o + 5*c. Let f = -1417 - o. Is f composite?
True
Let k(b) = 320*b**2 - 467*b - 7. Is k(-26) composite?
True
Suppose 0 = -3*j - 2*j + 10. Suppose -2732*t = -2731*t - 1417. Suppose -4*d + 4*r + 551 = -t, 4*d + j*r = 1962. Is d a prime number?
True
Suppose 0 = -1485*l + 1500*l - 2458515. Is l a composite number?
False
Suppose 0 = 2*v - 5*t + 19, 0 = 3*v - 28*t + 27*t - 4. Suppose 5*u = -15, 12875 + 18156 = 2*n - v*u. Is n a prime number?
True
Suppose 253333403 - 497027477 = -534*v + 569225340. Is v prime?
True
Let u(w) = -3*w**3 + w**2 + 2*w + 3. Suppose 21 - 30 = 3*v. Is u(v) prime?
False
Let u be (-118)/2 + (-19)/19. Is ((-90)/u)/((-6)/(-59116)) composite?
False
Suppose -22 + 112 = -5*q. Is ((-189)/q + -9)*(-20)/(-3) a composite number?
True
Let b(j) = -23*j + j + 20*j**2 + 10992 - 11003. Is b(7) composite?
True
Let g(s) = 3*s**2 - 9*s + 149. Let p(d) = -d**2 + 2*d - 36. Let x(y) = -2*g(y) - 9*p(y). Suppose 4*o - 7 = 37. Is x(o) composite?
False
Let s = 60545 - 26256. Is s composite?
True
Let t(d) = 18*d**3 - 3*d**2 + d. Let x be t(1). Suppose -17*u + 1 = -x*u. Is 9/(-3) + (u - -4285) a prime number?
True
Let y = -110 + 113. Is (-6 - -3)/((-28080)/9357 + y) a composite number?
False
Let y = -33 - -36. Suppose -y*c + c + 5*l + 2641 = 0, -c = 5*l - 1298. Is c a composite number?
True
Let n(f) = 19 + f**2 - 10*f + 4*f**2 + 8*f + 11*f. Is n(-6) a composite number?
True
Let o(m) = 59*m**3 + 5*m**2 + 14*m - 15. Is o(5) a prime number?
False
Let y be (-5)/((-175)/(-5)) + (-3984)/336. Let d(t) be the first derivative of -21*t**2/2 + 11*t + 1. Is d(y) a composite number?
False
Suppose 5*t = -6*t - 1254. Let a = t + 2267. Is a prime?
True
Suppose -228863 = 114*k - 193*k. Is k prime?
True
Suppose 4*k = 16, 2*u - 4*k = -k + 44510. Suppose m + 83601 = 4*h, 2*h - u = -4*m + 19553. Is h a composite number?
True
Let q = -22 - 67. Let h be 8 + -7 - 5*q. Let z = h + -255. Is z a prime number?
True
Suppose -5*q + x = 1039, -251 = q + 4*x - 60. Let r(t) = -35*t**2 - 3*t - 2. Let u be r(3). Let b = q - u. Is b a prime number?
False
Suppose -1911 = 5*l + k, l + k + 1145 = -2*l. Let a = l - -2836. Is a a prime number?
False
Let g(i) = 4*i**3 - 21*i**2 - 6*i - 7. Let z(q) = -7*q**3 + 41*q**2 + 12*q + 15. Suppose 5*w + 1 = -29. Let j(b) = w*z(b) - 11*g(b). Is j(-10) a prime number?
True
Let d = -120 + 118. Suppose -c - 2*x + 18 + 3 = 0, -9 = -c + x. Let i = c + d. Is i a prime number?
True
Let j(o) = 27*o**2 + 9*o + 85. Let u be j(18). Suppose -u - 3053 = -4*h + 4*d, 3*h + 3*d - 9042 = 0. Is h a prime number?
False
Is -1*(-1838 - 3/3) + -2 prime?
False
Let q(i) = 3*i + 1. Let z be q(3). Suppose z*c = 11*c + 255. Let k = c - -1912. Is k a composite number?
False
Suppose -215 + 605 = 5*j. Suppose 0 = 4*g - 4*m + 200, 2*m = -3*g - j - 72. Let b = 159 - g. Is b a composite number?
True
Let h = 149 + -366. Is (1 + (-2)/1)*(h + -6) a composite number?
False
Let v(u) = u**2 + 22*u - 44. Let a be v(2). Suppose -5*w = -a*g - 85779, w - 5*g - 17164 = -25. Is w a composite number?
False
Let b = -2405 + 1267. Let g = 2378 + -371. Let i = g + b. Is i composite?
True
Let b(o) be the first derivative of o**4/4 + 22*o**3/3 - 6*o**2 + 20*o + 69. Is b(-7) a composite number?
False
Is 1*(0 - -1)*(61356 - 95) prime?
True
Let q = 91067 - 136952. Is q/(-14) - 2/4 prime?
False
Let q = -25228 + 59249. Is q a prime number?
False
Let j be (5 - (-2)/4)/((-1)/(-6)). Let o = j - -78. Let x = o - -586. Is x composite?
True
Let h be ((-68)/(-8) - -1)/((-2)/(-2724)). Suppose -h = -6*n + 17943. Is n a composite number?